{"id":1153,"date":"2025-05-15T09:03:47","date_gmt":"2025-05-15T06:03:47","guid":{"rendered":"http:\/\/heikkoset.16mb.com\/?page_id=1153"},"modified":"2025-05-15T09:13:34","modified_gmt":"2025-05-15T06:13:34","slug":"liity-seuraan","status":"publish","type":"page","link":"https:\/\/heikkoset.16mb.com\/index.php\/liity-seuraan\/","title":{"rendered":"Liity seuraan"},"content":{"rendered":"<p>Olet tervetullut Heikkosten sukuseuraan.<\/p>\n<p>L\u00e4het\u00e4 yhteystietosi ja yhteytesi Heikkosiin <a href=\"mailto:marketta.ilpo@gmail.com\">Marketalle&nbsp;<\/a><\/p>\n<p>T\u00e4ss\u00e4 on my\u00f6s <a href=\"https:\/\/heikkoset.16mb.com\/wp-content\/uploads\/2018\/04\/Perhelomake.pdf\" target=\"_blank\" rel=\"noopener\">perhekaavake&nbsp;<\/a><\/p>\n<p>Jonka voit tulostaa ja l\u00e4hett\u00e4\u00e4 -&gt; marketta.ilpo(at)gmail.com<\/p>\n","protected":false},"excerpt":{"rendered":"<p>Olet tervetullut Heikkosten sukuseuraan. L\u00e4het\u00e4 yhteystietosi ja yhteytesi Heikkosiin Marketalle&nbsp; T\u00e4ss\u00e4 on my\u00f6s perhekaavake&nbsp; Jonka voit tulostaa ja l\u00e4hett\u00e4\u00e4 -&gt; marketta.ilpo(at)gmail.com<\/p>\n","protected":false},"author":1,"featured_media":0,"parent":0,"menu_order":0,"comment_status":"closed","ping_status":"closed","template":"","meta":{"ngg_post_thumbnail":0,"footnotes":""},"class_list":["post-1153","page","type-page","status-publish","hentry"],"_links":{"self":[{"href":"https:\/\/heikkoset.16mb.com\/index.php\/wp-json\/wp\/v2\/pages\/1153","targetHints":{"allow":["GET"]}}],"collection":[{"href":"https:\/\/heikkoset.16mb.com\/index.php\/wp-json\/wp\/v2\/pages"}],"about":[{"href":"https:\/\/heikkoset.16mb.com\/index.php\/wp-json\/wp\/v2\/types\/page"}],"author":[{"embeddable":true,"href":"https:\/\/heikkoset.16mb.com\/index.php\/wp-json\/wp\/v2\/users\/1"}],"replies":[{"embeddable":true,"href":"https:\/\/heikkoset.16mb.com\/index.php\/wp-json\/wp\/v2\/comments?post=1153"}],"version-history":[{"count":3,"href":"https:\/\/heikkoset.16mb.com\/index.php\/wp-json\/wp\/v2\/pages\/1153\/revisions"}],"predecessor-version":[{"id":1160,"href":"https:\/\/heikkoset.16mb.com\/index.php\/wp-json\/wp\/v2\/pages\/1153\/revisions\/1160"}],"wp:attachment":[{"href":"https:\/\/heikkoset.16mb.com\/index.php\/wp-json\/wp\/v2\/media?parent=1153"}],"curies":[{"name":"wp","href":"https:\/\/api.w.org\/{rel}","templated":true}]}}