{"id":346,"date":"2018-04-09T15:40:42","date_gmt":"2018-04-09T12:40:42","guid":{"rendered":"http:\/\/heikkoset.16mb.com\/?page_id=346"},"modified":"2025-07-14T23:41:25","modified_gmt":"2025-07-14T20:41:25","slug":"http-heikkoset-16mb-com-wp-content-uploads-2021-02-jasenmaksu2021-1-jpg","status":"publish","type":"page","link":"https:\/\/heikkoset.16mb.com\/index.php\/http-heikkoset-16mb-com-wp-content-uploads-2021-02-jasenmaksu2021-1-jpg\/","title":{"rendered":"J\u00e4senmaksu 2025"},"content":{"rendered":"\n<p><strong>J\u00e4senmaksu 15,00 \u20ac<\/strong>\/j\u00e4sen\/vuosi tai <strong>ainaisj\u00e4senmaksu 150\u20ac<\/strong>.<\/p>\n\n\n\n<p>Saaja: Heikkosten sukuseura ry<\/p>\n\n\n\n<p>Saajan Pankki ja tilinumero<\/p>\n\n\n\n<p>          Pankki Iban: NDEAFIHH<\/p>\n\n\n\n<p><strong> <\/strong>         <strong>Tilino: FI 83 1020 3000 1159 54<\/strong><\/p>\n\n\n\n<p><\/p>\n\n\n\n<ul class=\"wp-block-list\">\n<li><strong>J\u00e4senmaksu 15\u20ac<\/strong> \/ j\u00e4sen \/ vuosi<\/li>\n\n\n\n<li><strong>Ainaisj\u00e4senmaksu 150\u20ac<\/strong><\/li>\n\n\n\n<li>Er\u00e4p\u00e4iv\u00e4 <strong>30.6.2025<\/strong><\/li>\n\n\n\n<li>Viite no <strong>20255<\/strong><\/li>\n<\/ul>\n\n\n\n<p><\/p>\n","protected":false},"excerpt":{"rendered":"<p>J\u00e4senmaksu 15,00 \u20ac\/j\u00e4sen\/vuosi tai ainaisj\u00e4senmaksu 150\u20ac. Saaja: Heikkosten sukuseura ry Saajan Pankki ja tilinumero Pankki Iban: NDEAFIHH Tilino: FI 83 1020 3000 1159 54<\/p>\n","protected":false},"author":1,"featured_media":0,"parent":0,"menu_order":0,"comment_status":"closed","ping_status":"closed","template":"","meta":{"ngg_post_thumbnail":0,"footnotes":""},"class_list":["post-346","page","type-page","status-publish","hentry"],"_links":{"self":[{"href":"https:\/\/heikkoset.16mb.com\/index.php\/wp-json\/wp\/v2\/pages\/346","targetHints":{"allow":["GET"]}}],"collection":[{"href":"https:\/\/heikkoset.16mb.com\/index.php\/wp-json\/wp\/v2\/pages"}],"about":[{"href":"https:\/\/heikkoset.16mb.com\/index.php\/wp-json\/wp\/v2\/types\/page"}],"author":[{"embeddable":true,"href":"https:\/\/heikkoset.16mb.com\/index.php\/wp-json\/wp\/v2\/users\/1"}],"replies":[{"embeddable":true,"href":"https:\/\/heikkoset.16mb.com\/index.php\/wp-json\/wp\/v2\/comments?post=346"}],"version-history":[{"count":27,"href":"https:\/\/heikkoset.16mb.com\/index.php\/wp-json\/wp\/v2\/pages\/346\/revisions"}],"predecessor-version":[{"id":1173,"href":"https:\/\/heikkoset.16mb.com\/index.php\/wp-json\/wp\/v2\/pages\/346\/revisions\/1173"}],"wp:attachment":[{"href":"https:\/\/heikkoset.16mb.com\/index.php\/wp-json\/wp\/v2\/media?parent=346"}],"curies":[{"name":"wp","href":"https:\/\/api.w.org\/{rel}","templated":true}]}}