{"id":446,"date":"2018-08-14T05:49:09","date_gmt":"2018-08-14T02:49:09","guid":{"rendered":"http:\/\/heikkoset.16mb.com\/?page_id=446"},"modified":"2019-08-16T14:49:01","modified_gmt":"2019-08-16T11:49:01","slug":"johannes-heikkonen","status":"publish","type":"page","link":"https:\/\/heikkoset.16mb.com\/index.php\/johannes-heikkonen\/","title":{"rendered":"Johannes Heikkonen"},"content":{"rendered":"<p style=\"text-align: right;\">R\u00e4is\u00e4l\u00e4inen lehtileike 2010<br \/>\nhttp:\/\/www.raisala.fi\/raisalainen\/2010\/heikk10.html<\/p>\n<div id=\"attachment_448\" style=\"width: 609px\" class=\"wp-caption alignnone\"><img loading=\"lazy\" decoding=\"async\" aria-describedby=\"caption-attachment-448\" class=\"wp-image-448 size-full\" src=\"https:\/\/heikkoset.16mb.com\/wp-content\/uploads\/2018\/08\/R\u00e4is\u00e4l\u00e4Lehti2010.jpg\" alt=\"\" width=\"599\" height=\"282\" srcset=\"https:\/\/heikkoset.16mb.com\/wp-content\/uploads\/2018\/08\/R\u00e4is\u00e4l\u00e4Lehti2010.jpg 599w, https:\/\/heikkoset.16mb.com\/wp-content\/uploads\/2018\/08\/R\u00e4is\u00e4l\u00e4Lehti2010-300x141.jpg 300w\" sizes=\"auto, (max-width: 599px) 100vw, 599px\" \/><p id=\"caption-attachment-448\" class=\"wp-caption-text\">Heikkosten sukutapaamisessa oli runsaasti r\u00e4is\u00e4l\u00e4isi\u00e4, joista osa ehti yhteiskuvaan.<br \/>Istumassa vasemmalta Sinikka ja Oskari Lehtonen, Jorma ja Eeva Huppunen sek\u00e4<br \/>Harri ja Elmi Vatja. Takana seisovat Hilkka ja Matti M\u00e4ntyl\u00e4 sek\u00e4 Vappu Rossi.<\/p><\/div>\n<h2>Heikkosten suvussa sotakomissaari<\/h2>\n<p>L\u00e4hes puolensataa henke\u00e4 kokoontui 15. kertaa pidettyyn Heikkosten sukutapaamiseen Poriin syyskuun 18. p\u00e4iv\u00e4n\u00e4. T\u00e4ll\u00e4 kertaa L\u00e4nsi-Suomessa Yyterin kylpyl\u00e4hotellin viihtyisiss\u00e4 tiloissa oli mukana runsaasti sukuun kuuluvia r\u00e4is\u00e4l\u00e4isi\u00e4. Tilaisuudessa kuultiin my\u00f6s Erna Eshinan (o.s. Heikkonen) j\u00e4rkytt\u00e4v\u00e4 kertomus is\u00e4st\u00e4\u00e4n Ven\u00e4j\u00e4n sotakomissaari Johannes Heikkosesta.<br \/>\nTervetulosanat esitt\u00e4nyt sukuseuran puheenjohtajana kaksi vuotta toiminut Eila Sepp\u00e4nen kertoi, ett\u00e4 muutaman vuoden tapaamisten j\u00e4lkeen perustettiin sukuseura vuonna 2002.<br \/>\n&#8211; Sukuun katsotaan kuuluvan jokainen, jonka joku esi-is\u00e4 on Heikkonen. Emme ole halunneet rajata sukuun kuulumista liikaa, koska sukuakaan ei ole tutkittu j\u00e4rjestelm\u00e4llisesti. Sukuseurassa olevien Heikkosten juuret ovat Karjalassa. Heit\u00e4 on l\u00e4htenyt evakoksi esimerkiksi Antreasta, Vuoksenrannasta, Muolaasta, Kirvusta ja R\u00e4is\u00e4l\u00e4st\u00e4, toteaa Eila Sepp\u00e4nen.<br \/>\nJonkin verran on kuulemma haaroja j\u00e4ljitetty 1600-luvulle asti, mutta mit\u00e4\u00e4n yhteist\u00e4 esi-is\u00e4\u00e4 ei Sepp\u00e4sen tiedon mukaan sielt\u00e4 l\u00f6ytyne.<br \/>\n&#8211; Itsell\u00e4ni on varsin iso kaavio koko sukukokousasian alkuunpanijan Paavo Heikkosen sukuhaarasta. Omaa haaraani en ole viel\u00e4 pystynyt yhdist\u00e4m\u00e4\u00e4n siihen, mutta varsin monet ovat.<br \/>\nHeikkosen Sukuseura ry:n sihteerin\u00e4 viel\u00e4 t\u00e4ss\u00e4 tilaisuudessa ollut Ritva Carvalho totesi kokousv\u00e4elle, ett\u00e4 sukuseurassa on t\u00e4ll\u00e4 hetkell\u00e4 toistasataa j\u00e4sent\u00e4, mutta maksavien j\u00e4senten m\u00e4\u00e4r\u00e4 on alhaisempi.<br \/>\nRekister\u00f6idyn sukuseuran virallinen kokous pidet\u00e4\u00e4n s\u00e4\u00e4nt\u00f6jen mukaan joka kolmas vuosi. Sen aika on siis ensi vuonna. Niinp\u00e4 Yyterin tapaamisessa p\u00e4\u00e4tettiin ett\u00e4 virallinen kokous pidet\u00e4\u00e4n Heinolassa lauantaina 17. syyskuuta.<\/p>\n<h2>Sotakomissaari<\/h2>\n<p>Sukutapaamisessa oli mukana Suomeen vuonna 1998 muuttanut Erna Eshina. H\u00e4nen is\u00e4ns\u00e4 Johannes Heikkonen (1892-1938) syntyi Muolaassa Kuusaan kyl\u00e4ss\u00e4.<br \/>\n&#8211; Is\u00e4 syntyi Muolaan pit\u00e4j\u00e4ss\u00e4 Edvard ja Hetti Heikkosen k\u00f6yh\u00e4n perheen esikoisena. Mummo oli Amerikasta tullut orpolapsi, joka kasvatti seitsem\u00e4n lastaan Kuusaan kyl\u00e4ss\u00e4. Osa heist\u00e4 j\u00e4i Ven\u00e4j\u00e4lle ja osa tuli Suomeen, valaisee Erna Eshina.<br \/>\nH\u00e4n kertoo is\u00e4ns\u00e4 Johannes Heikkosen olleen kivity\u00f6mies, joka meni 1910 t\u00f6ihin Ven\u00e4j\u00e4lle. T\u00e4m\u00e4n ensimm\u00e4inen vaimo kuoli tuberkuloosiin ja Johannes meni uudelleen naimisiin Ernan \u00e4idin kanssa. Johanneksella oli nelj\u00e4 lasta, joista muut paitsi Erna kuolivat pienin\u00e4.<\/p>\n<div id=\"attachment_447\" style=\"width: 350px\" class=\"wp-caption alignnone\"><img loading=\"lazy\" decoding=\"async\" aria-describedby=\"caption-attachment-447\" class=\"wp-image-447 size-full\" src=\"https:\/\/heikkoset.16mb.com\/wp-content\/uploads\/2018\/08\/JohannesHeikkonen.jpg\" alt=\"\" width=\"340\" height=\"528\" srcset=\"https:\/\/heikkoset.16mb.com\/wp-content\/uploads\/2018\/08\/JohannesHeikkonen.jpg 340w, https:\/\/heikkoset.16mb.com\/wp-content\/uploads\/2018\/08\/JohannesHeikkonen-193x300.jpg 193w\" sizes=\"auto, (max-width: 340px) 100vw, 340px\" \/><p id=\"caption-attachment-447\" class=\"wp-caption-text\">Johannes Heikkosen sotilasarvo vastasi 1930-luvulla eversti\u00e4.<\/p><\/div>\n<p>&#8211; Is\u00e4 l\u00e4hetettiin Pietarista t\u00f6ihin Petroskoihin, miss\u00e4 min\u00e4kin olen syntynyt. My\u00f6hemmin Ven\u00e4j\u00e4n hallinnon aikana oli puhuttava ven\u00e4j\u00e4\u00e4, joten nyt kun olen Suomessa, yrit\u00e4n muistella lapsuuteni kielt\u00e4, mutta vaikeaa se on, voihkaisee Erna Eshina.<br \/>\nKivity\u00f6mies Johannes Heikkonen liittyi Pietarin punakaartiin ja oli mukana lokakuun vallankumouksen tapahtumissa Pietarissa 1917.<br \/>\n&#8211; Is\u00e4n el\u00e4m\u00e4 oli alusta loppuun saakka pelkk\u00e4\u00e4 taistelua el\u00e4m\u00e4st\u00e4. Viimeisin\u00e4 aikoina vankileirill\u00e4 is\u00e4\u00e4 kidutettiin niin ett\u00e4 h\u00e4n oli jo sokea ennen kuin h\u00e4n kuoli vuonna 1938. Samana vuonna ammuttiin my\u00f6s kaksi is\u00e4n velje\u00e4.<br \/>\nErna Eshina kertoo tiet\u00e4v\u00e4ns\u00e4 ja esitelleens\u00e4kin suomalaiselle turistiryhm\u00e4lle paikan, johon h\u00e4nen is\u00e4ns\u00e4 on haudattu. Samaan yhteishautaan on kuopattu tuhansia Stalinin puhdistusten uhreja.<br \/>\nJohannes Heikkosen veljist\u00e4 ainakin Topias (Topi) Heikkonen muutti R\u00e4is\u00e4l\u00e4\u00e4n. H\u00e4n asui Toivolan mutkan tuntumassa ja oli tukinostajana Suurhovin sahalla. My\u00f6hemmin Topias asui kuolemaansa asti Eurassa.<br \/>\nR\u00e4is\u00e4l\u00e4isi\u00e4, juuriltaan Heikkosen sukuun kuuluvia oli tapaamisessa esittelykierroksen perusteella ainakin kolmannes, ellei l\u00e4hes puolet.<\/p>\n","protected":false},"excerpt":{"rendered":"<p>R\u00e4is\u00e4l\u00e4inen lehtileike 2010 http:\/\/www.raisala.fi\/raisalainen\/2010\/heikk10.html Heikkosten suvussa sotakomissaari L\u00e4hes puolensataa henke\u00e4 kokoontui 15. kertaa pidettyyn Heikkosten sukutapaamiseen Poriin syyskuun 18. p\u00e4iv\u00e4n\u00e4. T\u00e4ll\u00e4 kertaa L\u00e4nsi-Suomessa Yyterin kylpyl\u00e4hotellin viihtyisiss\u00e4 tiloissa oli mukana runsaasti sukuun kuuluvia r\u00e4is\u00e4l\u00e4isi\u00e4. Tilaisuudessa kuultiin my\u00f6s Erna Eshinan (o.s. Heikkonen) &hellip; <a href=\"https:\/\/heikkoset.16mb.com\/index.php\/johannes-heikkonen\/\">Continue reading <span class=\"meta-nav\">&rarr;<\/span><\/a><\/p>\n","protected":false},"author":1,"featured_media":0,"parent":0,"menu_order":0,"comment_status":"closed","ping_status":"closed","template":"onecolumn-page.php","meta":{"ngg_post_thumbnail":0,"footnotes":""},"class_list":["post-446","page","type-page","status-publish","hentry"],"_links":{"self":[{"href":"https:\/\/heikkoset.16mb.com\/index.php\/wp-json\/wp\/v2\/pages\/446","targetHints":{"allow":["GET"]}}],"collection":[{"href":"https:\/\/heikkoset.16mb.com\/index.php\/wp-json\/wp\/v2\/pages"}],"about":[{"href":"https:\/\/heikkoset.16mb.com\/index.php\/wp-json\/wp\/v2\/types\/page"}],"author":[{"embeddable":true,"href":"https:\/\/heikkoset.16mb.com\/index.php\/wp-json\/wp\/v2\/users\/1"}],"replies":[{"embeddable":true,"href":"https:\/\/heikkoset.16mb.com\/index.php\/wp-json\/wp\/v2\/comments?post=446"}],"version-history":[{"count":4,"href":"https:\/\/heikkoset.16mb.com\/index.php\/wp-json\/wp\/v2\/pages\/446\/revisions"}],"predecessor-version":[{"id":607,"href":"https:\/\/heikkoset.16mb.com\/index.php\/wp-json\/wp\/v2\/pages\/446\/revisions\/607"}],"wp:attachment":[{"href":"https:\/\/heikkoset.16mb.com\/index.php\/wp-json\/wp\/v2\/media?parent=446"}],"curies":[{"name":"wp","href":"https:\/\/api.w.org\/{rel}","templated":true}]}}