{"id":85,"date":"2018-03-21T07:56:57","date_gmt":"2018-03-21T05:56:57","guid":{"rendered":"http:\/\/heikkoset.16mb.com\/?page_id=85"},"modified":"2026-02-25T21:31:44","modified_gmt":"2026-02-25T19:31:44","slug":"etusivu","status":"publish","type":"page","link":"https:\/\/heikkoset.16mb.com\/","title":{"rendered":"Etusivu"},"content":{"rendered":"<div id=\"pl-85\"  class=\"panel-layout\" ><div id=\"pg-85-0\"  class=\"panel-grid panel-has-style\" ><div class=\"panel-row-style panel-row-style-for-85-0\" ><div id=\"pgc-85-0-0\"  class=\"panel-grid-cell\" ><div id=\"panel-85-0-0-0\" class=\"so-panel widget widget_text panel-first-child panel-last-child\" data-index=\"0\" ><div class=\"panel-widget-style panel-widget-style-for-85-0-0-0\" ><h3 class=\"widget-title\">Heikkosten suku<\/h3>\t\t\t<div class=\"textwidget\"><p>Ensimm\u00e4iset maininnat Heikkosten suvusta viev\u00e4t 1600-luvun alkupuoliskolle,\u00a0 jolloin henkikirjoista l\u00f6ytyy Kirvun Sairalan kyl\u00e4ss\u00e4 el\u00e4nyt Juhana Eerikinpoika Tihver\u00e4 eli Heikkonen, luultavasti Tihver\u00e4n kyl\u00e4sta,\u00a0 josta ennen nimet muodostuivat kirjoihin.\u00a0 On olemassa my\u00f6s\u00a0 tieto Juhanan is\u00e4st\u00e4 Eerikist\u00e4, syntynyt noin vuonna 1603.\u00a0 Seuramme edesmennyt puheenjohtaja Paavo Heikkonen on aikoinaan sukua tutkiessaan l\u00f6yt\u00e4nyt Eerikin ja on pit\u00e4nyt h\u00e4nt\u00e4 aineistossaan sukumme kantais\u00e4n\u00e4.<\/p>\n<\/div>\n\t\t<\/div><\/div><\/div><div id=\"pgc-85-0-1\"  class=\"panel-grid-cell\" ><div id=\"panel-85-0-1-0\" class=\"so-panel widget widget_text panel-first-child panel-last-child\" data-index=\"1\" ><div class=\"panel-widget-style panel-widget-style-for-85-0-1-0\" ><h3 class=\"widget-title\">Sukuseura<\/h3>\t\t\t<div class=\"textwidget\"><p>Juhanan j\u00e4lkel\u00e4isi\u00e4 olemme kartoittaneet sukuseuran voimin t\u00e4h\u00e4n p\u00e4iv\u00e4\u00e4n asti. J\u00e4lkel\u00e4isi\u00e4 olemme l\u00f6yt\u00e4neet yhteens\u00e4 yli 2300. Sukuseurassa meit\u00e4 on yli 100. Jos olet kiinnostunut suvustasi, tule mukaan toimintaan, kokouksiin ja yhteisiin tapaamisiin.<\/p>\n<p>Liity j\u00e4seneksi l\u00f6yd\u00e4t valikosta j\u00e4senasiat!<\/p>\n<\/div>\n\t\t<\/div><\/div><\/div><div id=\"pgc-85-0-2\"  class=\"panel-grid-cell\" ><div id=\"panel-85-0-2-0\" class=\"so-panel widget widget_text panel-first-child panel-last-child\" data-index=\"2\" ><div class=\"panel-widget-style panel-widget-style-for-85-0-2-0\" ><h3 class=\"widget-title\">Seuran toiminta<\/h3>\t\t\t<div class=\"textwidget\"><p><img loading=\"lazy\" decoding=\"async\" class=\"wp-image-241 size-thumbnail alignright\" src=\"https:\/\/heikkoset.16mb.com\/wp-content\/uploads\/2018\/03\/2017-08-10_160211-150x150.jpg\" alt=\"\" width=\"150\" height=\"150\" \/><\/p>\n<p>Sukokokous pidet\u00e4\u00e4n kerran vuoteen. Sen lis\u00e4ksi tapaamme toisiamme yhteisill\u00e4 matkoilla, Vuoksenranta-seura ryn tapahtumissa ja toki Karjalaisten kes\u00e4juhlilla!<\/p>\n<\/div>\n\t\t<\/div><\/div><\/div><\/div><\/div><div id=\"pg-85-1\"  class=\"panel-grid panel-no-style\" ><div id=\"pgc-85-1-0\"  class=\"panel-grid-cell\" ><div id=\"panel-85-1-0-0\" class=\"so-panel widget widget_media_image panel-first-child panel-last-child\" data-index=\"3\" ><img loading=\"lazy\" decoding=\"async\" width=\"740\" height=\"492\" src=\"https:\/\/heikkoset.16mb.com\/wp-content\/uploads\/2022\/04\/Navetan-Kivijalka-2019-768x510.jpg\" class=\"image wp-image-855  attachment-740x492 size-740x492\" alt=\"\" style=\"max-width: 100%; height: auto;\" srcset=\"https:\/\/heikkoset.16mb.com\/wp-content\/uploads\/2022\/04\/Navetan-Kivijalka-2019-768x510.jpg 768w, https:\/\/heikkoset.16mb.com\/wp-content\/uploads\/2022\/04\/Navetan-Kivijalka-2019-300x199.jpg 300w, https:\/\/heikkoset.16mb.com\/wp-content\/uploads\/2022\/04\/Navetan-Kivijalka-2019-1024x681.jpg 1024w, https:\/\/heikkoset.16mb.com\/wp-content\/uploads\/2022\/04\/Navetan-Kivijalka-2019-272x182.jpg 272w, https:\/\/heikkoset.16mb.com\/wp-content\/uploads\/2022\/04\/Navetan-Kivijalka-2019.jpg 1115w\" sizes=\"auto, (max-width: 740px) 100vw, 740px\" \/><\/div><\/div><div id=\"pgc-85-1-1\"  class=\"panel-grid-cell\" ><div id=\"panel-85-1-1-0\" class=\"so-panel widget widget_text panel-first-child panel-last-child\" data-index=\"4\" ><div class=\"panel-widget-style panel-widget-style-for-85-1-1-0\" ><h3 class=\"widget-title\">J\u00e4senkirje 1\/2025<\/h3>\t\t\t<div class=\"textwidget\"><p>Heikkosten sukuseuran j\u00e4senkirje 1\/2025<br \/>\nJ\u00e4senkirjeess\u00e4 syyskuun sukukokouksesta Lahdessa, nettisivukyselyst\u00e4 ja vuoden 2026 tapaamisesta Salossa.<\/p>\n<p>SEURAAVA SUKUKOKOUS 2026<br \/>\nSalon Lehmirannassa 22. p\u00e4iv\u00e4 elokuuta 2026.<\/p>\n<p>lue koko <a href=\"https:\/\/heikkoset.16mb.com\/index.php\/2024\/09\/01\/jasenkirje-3-2024\/https:\/\/heikkoset.16mb.com\/index.php\/2025\/07\/14\/jasenkirje-1-2025\/\" target=\"_blank\" rel=\"noopener\">J\u00e4senkirje<\/a><\/p>\n<p>&nbsp;<\/p>\n<p>&nbsp;<\/p>\n<\/div>\n\t\t<\/div><\/div><\/div><\/div><\/div>","protected":false},"excerpt":{"rendered":"<p>Ensimm\u00e4iset maininnat Heikkosten suvusta viev\u00e4t 1600-luvun alkupuoliskolle,\u00a0 jolloin henkikirjoista l\u00f6ytyy Kirvun Sairalan kyl\u00e4ss\u00e4 el\u00e4nyt Juhana Eerikinpoika Tihver\u00e4 eli Heikkonen, luultavasti Tihver\u00e4n kyl\u00e4sta,\u00a0 josta ennen nimet muodostuivat kirjoihin.\u00a0 On olemassa my\u00f6s\u00a0 tieto Juhanan is\u00e4st\u00e4 Eerikist\u00e4, syntynyt noin vuonna 1603.\u00a0 Seuramme edesmennyt &hellip; <a href=\"https:\/\/heikkoset.16mb.com\/\">Continue reading <span class=\"meta-nav\">&rarr;<\/span><\/a><\/p>\n","protected":false},"author":1,"featured_media":0,"parent":0,"menu_order":0,"comment_status":"closed","ping_status":"closed","template":"","meta":{"ngg_post_thumbnail":0,"footnotes":""},"class_list":["post-85","page","type-page","status-publish","hentry"],"_links":{"self":[{"href":"https:\/\/heikkoset.16mb.com\/index.php\/wp-json\/wp\/v2\/pages\/85","targetHints":{"allow":["GET"]}}],"collection":[{"href":"https:\/\/heikkoset.16mb.com\/index.php\/wp-json\/wp\/v2\/pages"}],"about":[{"href":"https:\/\/heikkoset.16mb.com\/index.php\/wp-json\/wp\/v2\/types\/page"}],"author":[{"embeddable":true,"href":"https:\/\/heikkoset.16mb.com\/index.php\/wp-json\/wp\/v2\/users\/1"}],"replies":[{"embeddable":true,"href":"https:\/\/heikkoset.16mb.com\/index.php\/wp-json\/wp\/v2\/comments?post=85"}],"version-history":[{"count":360,"href":"https:\/\/heikkoset.16mb.com\/index.php\/wp-json\/wp\/v2\/pages\/85\/revisions"}],"predecessor-version":[{"id":1184,"href":"https:\/\/heikkoset.16mb.com\/index.php\/wp-json\/wp\/v2\/pages\/85\/revisions\/1184"}],"wp:attachment":[{"href":"https:\/\/heikkoset.16mb.com\/index.php\/wp-json\/wp\/v2\/media?parent=85"}],"curies":[{"name":"wp","href":"https:\/\/api.w.org\/{rel}","templated":true}]}}